l = -9*d. Let s(v) = v**2 - 5*v - 4. Determine s(d).
2
Suppose 112 = -62*c + 34*c. Let i(z) = -4 + 6*z**2 - z**2 - 6*z - 3*z**2 + z**3. Give i(c).
-12
Let v(a) = -4*a**3 - 7*a. Let x(c) = -3*c**3 - c**2 - 4*c - 1. Let j(l) = -2*v(l) + 3*x(l). Determine j(-3).
-9
Let x(i) be the first derivative of -i**4/4 - i**3/3 + 3*i - 2. Let t be x(0). Let y(k) = 4*k**3 - 6*k**t - 29*k**2 - 1 + 31*k**2. Calculate y(1).
-1
Let u(f) = -157*f**2 + 306*f**2 - f - 152*f**2 - f**3. Calculate u(-5).
55
Let c be 2 - 6/(-1 - -4). Suppose 4*b - 2 = -a - c*a, -a - 2*b = 0. Let r(h) be the second derivative of -h**3/2 + h**2 - 6*h. Give r(a).
8
Let t(z) = -2*z + 2. Let o(l) = l**2 + 9*l - 3. Let g(b) = -2*b**2 - 17*b + 6. Let s(v) = 4*g(v) + 7*o(v). Let w be s(-5). Calculate t(w).
-4
Suppose 0 = -m - 0*m - n - 4, 0 = 3*n. Let s(k) be the third derivative of -1/20*k**5 + 1/6*k**4 + 0*k - 5*k**2 + 0 - 1/120*k**6 + 5/6*k**3. Calculate s(m).
5
Suppose 3*s + s = 5*g - 16, -3*s + 15 = 3*g. Let j(w) = 6 - 2 + w - g - 3. Determine j(2).
-1
Let d(a) = -5*a**3 - a**2 - 2*a + 2. Suppose 4*x + 2*v = 2 + 10, -5*v = -20. Give d(x).
-6
Let v(o) = -2*o**2 - 5*o + 5. Suppose -12 - 24 = 4*k. Let d be (57/k + 3)*6/4. Calculate v(d).
-20
Let j(t) = 2*t + 1. Suppose -v + 4 = -3*v. Let r = v + 7. Let h be (-4 - -2)*r/2. Determine j(h).
-9
Let x(f) = 5*f. Let a = -528 - -526. Give x(a).
-10
Let m(t) = -3*t - 10. Let y be m(-10). Suppose k + 0*k = -5, 4*l - y = 4*k. Let a(d) = -d**2 - 12. Give a(l).
-12
Let z(q) = q**2 + 4*q - 10. Let p(b) = -b**2 - 5*b + 11. Suppose -3*a = 5*a + 32. Let c(t) = a*z(t) - 3*p(t). Determine c(-5).
-13
Let q(c) = -c**2 + c + 18. Let d be q(8). Let g = d + 31. Let u(s) = s**3 + 7*s**2 - 2*s - 6. Determine u(g).
8
Let l(d) be the first derivative of -10 + 5/8*d**4 + 0*d - 1/6*d**3 - 4*d**2. Let q(v) be the second derivative of l(v). Determine q(1).
14
Suppose 2 = -6*b + 8. Let i(v) = 7*v - 5*v - b + 0 + 8*v. Give i(1).
9
Let h(a) = 0 - 1 + 4*a - 3*a. Suppose -2*x - 46*q + 12 = -41*q, -5*q = 6*x - 36. What is h(x)?
5
Let q(n) = n**3 - 2*n**2 - 2*n - 5. Suppose -13*d + 52 = -0*d. What is q(d)?
19
Let b(x) be the third derivative of x**6/120 - x**5/60 - 4*x**2 - 10*x. Determine b(3).
18
Let v(y) = y**3 + 5*y**2 + 4*y - 6. Suppose 0 = -525*n + 534*n + 45. Give v(n).
-26
Let z(l) = 46. Let j(a) = -a + 2. Let t(y) = j(y) - z(y). Determine t(0).
-44
Let b(h) = h + 2. Suppose -2*c - 16 = -6*c. Suppose 20 = c*z, 0 = 3*n - 2*z - 4 + 35. Let l be 16/56 + 37/n. What is b(l)?
-3
Let m(n) be the third derivative of -n**4/24 - n**3/6 - 188*n**2. Calculate m(4).
-5
Let v(n) = n**3 - 7*n - 72 - 9*n**2 - 132 + 183. Calculate v(10).
9
Suppose -3*f - 2*f = -4*i + 11, 0 = 4*i - 16. Let n = 3 - f. Let p(b) = 4*b**3 - 3*b**3 + 2 - 4*b - 1 + 2*b - 4*b**n. What is p(3)?
-14
Let n(d) = 7*d - 3. Let a(s) = -1 + 2*s + 2 - 3*s. Let w(z) = 6*a(z) + n(z). Calculate w(-8).
-5
Suppose -20*g - 9 = -17*g. Let z(a) = -11*a - 4. Calculate z(g).
29
Suppose 2*a = 81 - 21. Suppose d - m = 9, a = 2*d - 5*m + 6. Let r(z) = z**2 - 3*z - 8. Give r(d).
20
Let m(h) = 3*h**3 - 6*h + 1. Let x(y) = -7*y**3 + 15*y - 1. Let u(b) = -5*m(b) - 2*x(b). Calculate u(-2).
5
Let s(r) = 5*r**2 - 35*r - 1. Let c(o) = -o**2 + 8*o + 1. Let x(d) = 4*c(d) + s(d). Determine x(3).
3
Let z(v) = -13*v**2 - 4*v + 2. Let m(x) = 6*x**2 + 2*x - 1. Let r(w) = -5*m(w) - 3*z(w). Let g = -12527 - -12528. What is r(g)?
10
Let p(c) = 5*c + 3. Let n = -205 - -208. Determine p(n).
18
Let p(i) = i**2 - 3*i + 3. Let f(y) = -2*y**2 - 10*y - 5. Let u be f(-4). Let a(o) = -5 - 5*o + 0*o - o + u*o. Let t be a(-3). Give p(t).
7
Let l(w) = 3*w - 1. Let u(d) = 4*d - 1. Let z(k) = 5*l(k) - 4*u(k). Suppose 10 - 4 = 2*i. Suppose -2*t = -i - 1. Determine z(t).
-3
Let a(j) = 3*j - 6. Let f(r) = r**3 - 7*r**2 + 12. Let c be f(7). Let k be 14/(-3)*c/(-14). Let d be k/(0 - -2) - -2. What is a(d)?
6
Let a = 8581 - 8587. Let v(l) be the first derivative of l**2 - 4*l - 1. Give v(a).
-16
Let f(y) be the second derivative of y**5/20 + y**4/12 + y**3/2 + 5*y**2/2 + 647*y. Give f(0).
5
Let p(c) = -2*c**2 - 12*c - 4. Let w = -2106 + 2100. What is p(w)?
-4
Let q(i) = -11*i - 20. Let l(w) = -4*w + 9*w + 3 + 7. Let r(n) = 13*l(n) + 6*q(n). Let f be 20/3 - 4/6. Calculate r(f).
4
Let o(k) = k**2. Let y(r) = -5*r**2 + r - 1. Let z(a) = -2*o(a) - y(a). Suppose -13*p + 5*i = -15*p + 9, -4 = -4*i. Give z(p).
11
Let x(f) be the first derivative of -f - f**2 - 24 - 34 + 47. What is x(4)?
-9
Let y(a) = -6*a + 32. Let x(w) = 3*w - 14. Let t(b) = -7*x(b) - 3*y(b). Give t(-1).
5
Let a(g) = g**2 - 15*g + 29. Let o be a(13). Let q(j) = 2 - 4*j**3 + 11*j + o*j**2 + 0*j - 12*j. What is q(2)?
-20
Let r(h) = h - 3. Let i = 26 + -29. Let v be (i - -2 - -1)/(-2). Give r(v).
-3
Let o(s) = 8*s - 5. Let a(c) = c**3 + 4*c**2 - 3. Let g be a(-1). Determine o(g).
-5
Let t = -548 + 555. Let z(w) = w**2 + 2*w - 8. Give z(t).
55
Let j(q) = q**2 + 7*q + 5. Let l(a) = -a**2 - 3*a - 2. Let s(t) = 3*j(t) + 7*l(t). Suppose -247*i - 154 = 93. What is s(i)?
-3
Let z = -348 - -348. Let o(q) be the second derivative of z*q**3 + 3*q + 0 - 1/12*q**4 + 1/2*q**2. Calculate o(-1).
0
Let s = -1028 - -1017. Let q(v) = -v - 20. What is q(s)?
-9
Let c(r) be the third derivative of -r**4/24 - r**3 + 4*r**2. Let s be 1*(-10)/15 + 6/9. Give c(s).
-6
Suppose -3*q = 2*o + 6, -4*o + 2 - 14 = -4*q. Let z(i) = -625*i + 5 + 629*i - 3. Give z(o).
-10
Let i(v) be the second derivative of 5*v**4/12 - v**2 - 2*v + 96. Determine i(-1).
3
Let k(p) be the third derivative of p**5/60 - p**4/8 - 5*p**3/6 - 10*p**2. Let t(z) be the first derivative of k(z). Calculate t(-4).
-11
Let n(u) = u**2 + u + 6. Suppose 5*x + h = -0*h + 6, -5*x = -2*h - 18. Let t(f) = f**2 - 5*f + 4. Let k be t(5). Let s be (2 - 4) + k/x. What is n(s)?
6
Let o(p) be the second derivative of p**4/12 - p**2/2 + 4*p. Let x be o(4). Suppose -3*u - 2*u - x = 0, j + 4*u = -7. Let n(a) = -a - 1. What is n(j)?
-6
Let d(a) = -31*a**2 - 308*a + 14. Let j be d(-10). Suppose -n - 3 = -2*b, 0*b - 2 = -3*b - n. Let w(k) = -k + 9 - b + 3*k. Determine w(j).
-4
Suppose x = 5*x - 20. Let i(a) = -a - 5 + x. Let d be (0/(-2))/(9/(-9)). Give i(d).
0
Let o(w) = -45 + 254*w - 253*w + 52. What is o(0)?
7
Suppose -s = -x - 2, -x = 2*s + 2*x + 6. Let d(h) = -2*h + 9 + 0*h - 2 + 1 + 3*h. What is d(s)?
8
Let a(z) be the second derivative of z**6/360 - z**5/60 - 23*z**4/6 + 9*z. Let y(p) be the third derivative of a(p). What is y(4)?
6
Let c(d) be the second derivative of -d**5/10 - d**4/3 - d**3/3 + d**2 + 90*d. Give c(-2).
6
Let y = -340 - -339. Let z(o) = -o**2. Give z(y).
-1
Suppose -3*w - 50 = -44. Let o(c) = c**3 + 4*c**2 + 3*c + 3. What is o(w)?
5
Let f(w) = -w**3 + w**2 + 3*w + 1. Suppose 0*z = 3*z - 12. Suppose -z*t + 15 = -t. Suppose -5*v - 10 = 5*x, -t = 2*v + 5. Give f(x).
-8
Let n(q) = q + 9. Let v = 52 - 24. Let g = v + -32. What is n(g)?
5
Let t(d) be the first derivative of -d**3/3 + d**2/2 + 3*d + 16. Calculate t(2).
1
Let c(i) = i**2 - 7*i + 3. Let m(o) = 3*o**2 - 92*o - 24. Let g be m(31). Give c(g).
3
Let w = -17 + 10. Let t(a) = -7*a - 10. Let r(u) = 15*u + 20. Let x(b) = 6*r(b) + 13*t(b). Give x(w).
-3
Let c(k) = 2*k - 3*k - 3 - 2*k - k. Let w be (2 - 2) + -1 - 1*3. Determine c(w).
13
Let t(a) = -16*a**2 - 10*a**3 - 13*a + 6*a**3 + 48 + 3*a**3 - 14. Determine t(-15).
4
Let r be 3/((-3)/2)*-9. Let v = r + -22. Let j(a) = -a**3 - 3*a**2 + 2*a - 2. Calculate j(v).
6
Let i(f) = -f**3 - 3*f + 1. Suppose 0 = -5*d - 31 + 1. Suppose -3 = p, -2*u = -p + 9 - 30. Let x be 16/u + d/(-27). What is i(x)?
-13
Let n(u) = -u**2 + 3*u - 2. Let j(f) = 2*f. Let w(l) = -2*j(l) + n(l). Let q = -8 + 14. Let c = 4 - q. Give w(c).
-4
Let u(j) = -26*j**3 + 3*j**2 - 3*j - 3. Let k(t) = 52*t**3 - 7*t**2 + 7*t + 7. Let q(l) = 2*k(l) + 5*u(l). Give q(-1).
27
Let r(i) be the third derivative of i**4/24 + i**3/6 - i**2. Let z = 74 - 41. Suppose 4*a - z + 9 = 0. Calculate r(a).
7
Let h be (10*(-4)/8)/1 - -2. Let t(l) = 3 + l - l - 5 - 5*l. Calculate t(h).
13
Let y(w) = 5*w**3 + 11*w**2 + 9*w + 4. Let o(l) = -l**3 - l**2 - 2. Let g(b) = 6*o(b) + y(b). Determine g(7).
-43
Suppose 43 + 13 = 7*o. Let k(i) = -o - 2 + 10 + i - 1. Calculate k(-2).
-3
Suppose -5*p + 6 = -4. Suppose 2*k + 2*k = -4*s - 16